l(-38). Let f(r) = 3*r - 2 + 11*r + 0*r. Determine f(x).
-30
Let n(p) = -p**3 - 53*p + 8*p**2 + 4*p**2 + 41*p + 21 - 6. Give n(11).
4
Let p(y) = -4*y**3 + y**2 + 12*y + 22. Let a(o) = -7*o**3 + o**2 + 21*o + 43. Let m(i) = 5*a(i) - 9*p(i). Give m(4).
5
Let b(p) = p**3 - 4*p**2 - 3*p - 1. Let z(s) = 3*s + 12. Let a(x) = -x + 1. Let i(m) = 4*a(m) + z(m). Let d = -11 + 22. Let r be i(d). Give b(r).
9
Let y(b) = -5 + b**2 + 2*b - b + 1 + 0 - 7*b. Let d be (-22)/(-4) + (-2)/(-4). Give y(d).
-4
Let s = 2 - -3. Suppose -4 = -d, 4*d - 2 + 16 = -s*j. Let c = -6 - j. Let x(z) = -z + 9. What is x(c)?
9
Let i(f) be the first derivative of f**4/4 + 17*f**3/3 + 17*f**2/2 + 15*f - 37. Let m be i(-16). Let r(j) = 6*j**2 - j - 1. What is r(m)?
6
Suppose 3*z - s = 399, -4*z + 267 = -2*z - s. Let i(w) = -z*w + 64*w + 67*w - 4. Give i(-4).
0
Suppose 3*k - 3*b = 18, 4*k - 2*b = -0*k + 16. Let t(u) = 97 + 2*u**k - 95 - u**2. Suppose 5 = -f + 2. What is t(f)?
11
Let a = 35 - 32. Let w(z) = 15*z**2 - 6*z + 7 + z**a - 9 - 9*z**2 + 12. Suppose 3*p + 0*p - 4*c + 5 = 0, c = p + 3. What is w(p)?
3
Let k = -39 - -39. Suppose k = -4*n + 2*n + 4. Let i(w) = -2*w**3 + 2*w**2 - w + 2. Calculate i(n).
-8
Let x = -429 - -416. Let u(w) = -w**2 - 15*w - 23. What is u(x)?
3
Let q(a) be the third derivative of a**4/24 + a**3/3 - a**2 + 32. What is q(2)?
4
Let j(y) = 91 - 6*y**2 - y - y**3 - 43 - 47 - 4*y. What is j(-5)?
1
Let a(b) = b**3 - 8*b**2 + 8*b + 7. Let l = 129 + -124. Suppose 0 = -2*r + 7*i - 6*i + 11, i = -l*r + 38. What is a(r)?
14
Let f(g) = -11*g - 10. Let o(t) = 8*t + 10. Let r(w) = 4*f(w) + 5*o(w). Calculate r(9).
-26
Let u(r) be the first derivative of r**4/4 + 3*r**3 + 3*r**2/2 - 7*r - 6. Let g(x) = x**3 + 8*x**2 + 2*x - 6. Let i(b) = 5*g(b) - 4*u(b). Determine i(-4).
6
Suppose -8 = -11*w + 14. Let g(j) = 6*j**2 + 2*j**3 + 11 - j**3 - 8*j - 6 + w*j. Give g(-7).
-2
Let c(b) = -b**3 + 12*b**2 - 12*b + 4. Let g be (-188)/(-16) - (-2 + 33/12). Give c(g).
-7
Let j(g) = 6 + g - 5 + 10. Give j(-13).
-2
Suppose 0 = -7*c + 11*c - 32. Suppose c*l = -l + 54. Let o(q) = q**2 - 6*q - 5. Calculate o(l).
-5
Let x(c) = -2*c**2 - 7*c - 3. Let k(u) be the second derivative of u**3/6 - 21*u**2/2 + 12*u. Let h be k(16). What is x(h)?
-18
Let d(x) = -18*x - 283. Let c be d(-16). Let l(s) = -2*s + 2. Calculate l(c).
-8
Suppose 17*i - 155 = -14*i. Let l(s) = 7*s + 5. Let z(b) = -6*b - 4. Let h = 12 + -8. Let c(j) = h*l(j) + i*z(j). Give c(-2).
4
Let m(c) = c**2 + 7*c**3 + 4 - 7*c**3 - c - 11*c**2 + c**3. Give m(10).
-6
Let q(l) = -l**3 - 3*l**2 + 2*l - 5. Let w(i) = 3 + 16*i - i**2 + 0*i - 20 - 2*i. Let h be w(11). Suppose -t = 3*t + h. Give q(t).
3
Suppose 7*h - 27 = -13. Let k(y) = -2 - 5*y - 4*y + 7 - y - y**h. Calculate k(-8).
21
Let b(d) be the third derivative of -2*d**5/15 - d**4/6 - d**3/3 + 3*d**2 - 31. Calculate b(-2).
-26
Let u(o) = -4*o**2 + 8*o + 3. Let l(c) = -11*c**2 + 23*c + 8. Let w be 1 + 0 + 1 + 6. Let k(z) = w*u(z) - 3*l(z). Determine k(7).
14
Let z(l) = -l**3 + l**2 - l + 1. Let v be (-20)/8 + (-45)/(-18). Determine z(v).
1
Let g = -31 - -31. Let i(c) = -4 + 9 - c + g*c - 4 - 6*c**2. Let u(y) = y**2 + 5*y + 5. Let p be u(-4). Determine i(p).
-6
Let t(o) be the third derivative of -o**4/2 + o**3/3 - 788*o**2. What is t(-2)?
26
Let y(k) = -4*k + 3. Let v(f) = 5*f - 1. Let q(p) = 5*p. Let u(w) = 2*q(w) - 3*v(w). Let t(j) = -3*u(j) + 4*y(j). Calculate t(4).
-1
Let t(m) = 2*m + 2. Let b be 3 + -3 + 4/(-2). Let x be t(b). Let h(a) be the third derivative of -a**4/24 - 2*a**3/3 - 44*a**2. Calculate h(x).
-2
Let a(r) = -3*r - 2. Let s = -163 + 158. Give a(s).
13
Let o(i) = -i**3 + 6*i**2 + 8*i - 6. Let c be o(7). Let z(f) = -2*f**3 + 2*f**2 - 2*f + 1. Give z(c).
-1
Let c be (-3)/6 + 144/(-32). Let n(i) = i**2 - i + 2. Calculate n(c).
32
Let p(s) = -2*s**3 - 3*s**2 + 3. Suppose -18*k = -43*k - 50. Determine p(k).
7
Let k(x) = x**2 - 13*x + 3. Suppose -34 = -3*y - 5*n, 10 = -3*y - 2*n + 47. Let l be k(y). Suppose 6*s = 7*s + l. Let a(j) = -j**2 + 2. Determine a(s).
-7
Let m(g) = -g**2 + 5*g - 2. Let i(n) = -2*n**2 + 10*n - 3. Let t(w) = 4*i(w) - 7*m(w). Let j(d) = d**3 + 18*d**2 - 39*d + 25. Let u be j(-20). What is t(u)?
2
Let p(y) = -y**3 - y**2 + 7*y - 2. Let d be p(4). Let l be (-9)/(d/(-4)) - (-2)/(-6). Let k(w) = -10*w**3 + w + 1. Determine k(l).
10
Let a(r) = -5*r**2 - 3*r + 1. Let k(t) = 4*t**2 + 2*t - 1. Let d(x) = 5*a(x) + 6*k(x). Let j be 4 + (5 + -1)/(-2). Let n = 0 - j. Give d(n).
1
Let k = 763 - 766. Suppose -3 - 3 = -3*x. Let c(f) = f**2 + x*f + f + f. Calculate c(k).
-3
Let k(x) = 5*x + 1. Let j(q) = 33*q + 39. Let p be j(-1). Calculate k(p).
31
Let d = 9 + -9. Let y(w) = -7 - w - 15 + d. Determine y(-10).
-12
Let v(i) = 3 - 2*i**2 + 4*i**2 - 5*i - 3*i**2. Let q = -159 - -159. Suppose 2*u - u + 5 = q. What is v(u)?
3
Let l(r) = r**3 - 7*r**2 - 3*r + 10. Let g be l(8). Suppose 6*x = 34 + g. Let b(v) = -x - 20 + v**3 + 35. What is b(-2)?
-7
Let n be 12/(-9) + 2/(-3). Let q(t) be the second derivative of t**4/12 + t**3/6 + t**2 - 207*t. Calculate q(n).
4
Let y(g) = -2*g**2 + 3*g**2 + 2*g + 2*g. Suppose -16 = -3*f + 4*o, -3*f + 3*o + 7 + 11 = 0. Let l be (6 + -5)/((-2)/f). Give y(l).
0
Let n = -56 + 50. Let k(d) = d**2 + 8*d + 16. What is k(n)?
4
Let t(l) be the third derivative of l**4/12 + l**3 + 198*l**2. Calculate t(-11).
-16
Let z(y) = -y**3 - 5*y**2 - 5*y - 3. Let m(x) = -x**2 + 5*x + 4. Let h be m(6). Let f be ((-3)/(-5))/(h/10). Give z(f).
-6
Let p(j) = 3*j + 1. Let k(w) = 12*w + 3. Let t(h) = 2*k(h) - 9*p(h). Let l(n) = -12*n - 11. Let s(x) = -2*l(x) + 9*t(x). Give s(4).
-17
Let u(s) = s**3 + 5*s**2 - 5*s. Suppose 131 = 5*w + y - 0*y, 3 = 3*y. Suppose -2*q = -14 + w. Give u(q).
-6
Let z be (1/2)/((-5)/((-10)/1)). Let y(a) = -1 + 0 + 18*a - 20*a + 19*a. Give y(z).
16
Let c(x) be the second derivative of -2*x**4/3 - x**3/6 - 249*x. Let k = 0 - -1. Calculate c(k).
-9
Let k(x) = -5*x - 6. Let s be ((-4)/6)/((-2)/(-21)). Let r = s + 11. Let c(j) = 9*j + 11. Let p(b) = r*c(b) + 7*k(b). What is p(-4)?
-2
Let f(l) be the first derivative of -l**5/20 + l**4/3 - l**3/2 + l**2 - 11*l + 13. Let c(k) be the first derivative of f(k). Give c(3).
2
Let h(a) = -4*a**2 + 3*a - 4. Let u be h(3). Let m = u - -33. Let t(d) = 8*d - 3*d - 4*d + 7*d**m. Calculate t(1).
8
Let a(k) = k**2 - 3*k - 9. Let i(l) = -3*l**2 + 11*l + 23. Let r(f) = 8*a(f) + 3*i(f). Determine r(9).
-3
Let j(v) = 8*v**2 + 2*v - 3. Let i = -235 + 236. What is j(i)?
7
Let k(v) be the second derivative of v**5/20 + v**4/2 + 2*v**3/3 - 3*v**2/2 - 144*v. Give k(-5).
2
Let l(h) = -7*h + 1. Let s(i) = 0*i + 0 - 1 + 4*i + 4*i. Let j(q) = -6*l(q) - 5*s(q). Give j(2).
3
Let r(l) = -7*l + 13. Let p(d) = -13*d + 24. Let g(x) = 6*p(x) - 11*r(x). What is g(1)?
0
Let q(y) be the second derivative of -1/6*y**3 - y**2 + 0 - 13*y. Calculate q(6).
-8
Let z(m) = -m**2 + 4*m + 3. Let s(t) = t**3 - 9*t**2 - 11*t - 5. Let a be s(9). Let l = -101 - a. Calculate z(l).
6
Suppose -2*c - 6 = 0, -2*t + 1 = -3*c + 2. Let y(r) = -9*r**2 + 19*r - 6. Let w(j) = 5*j**2 - 10*j + 3. Let b(n) = -11*w(n) - 6*y(n). Determine b(t).
-2
Let a(h) = -h**2 + 4*h + 5. Suppose 259*y + 24 = 263*y. Give a(y).
-7
Let p(r) = -7*r**3 + 20*r**2 - 3. Let z(t) = 4*t**3 - 11*t**2 + 2. Let c(x) = -3*p(x) - 5*z(x). Give c(5).
-1
Let p(w) be the first derivative of w**5/120 - w**4/24 + 8*w**3/3 - 6. Let u(g) be the third derivative of p(g). Give u(1).
0
Let o(n) = n**2 + 4*n - 3. Suppose 46 - 90 = 11*q. Give o(q).
-3
Let d(b) = 7*b - 1. Let l be d(1). Let v(f) = -f + 1. Let w = -12 + 6. Let a(n) = -8*n + 15. Let m(z) = w*v(z) + a(z). Calculate m(l).
-3
Suppose 4*m - 16 = -0. Let j be -1 + 4 + -1 - m. Let r(p) be the third derivative of -p**4/24 + p**3/3 + 4*p**2. What is r(j)?
4
Let t(f) = 1 - 15*f - 20*f - 30*f + 57*f. Calculate t(3).
-23
Let w(a) = -2*a - 6. Let v(q) = q**3 + 11*q**2 - 11*q + 4. Let x be -13 - (-3 - (0 - 2)). Let l be v(x). Let t = 2 + l. What is w(t)?
6
Let v(s) = 5*s**2 - 33*s - 6. Let u(d) = 3*d**2 - 18*d - 3. Let q(f) = -7*u(f) + 4*v(f). Let c = -17 + 13. Determine q(c).
5
Let p(y) = -2*y + 5*y + 255 - 119 - 132. What is p(-2)?
-2
Let d(k) = -k**2 + 11*k + 10. Suppose a = 1, 11*t - 13*t = -4*a - 20. Give d(t).
-2
Let j(q) = 4*q**2 - 2*q +